- 17*m + 19. Determine d(b).
11
Let d(n) = -2*n - 5. Let z be 1 - 44/(55/5). Calculate d(z).
1
Let x(i) = -2*i**2 - 23*i. Let k(m) = -13*m**2 - 101*m + 417. Let g(l) = k(l) - 6*x(l). Give g(-9).
3
Let d(w) = -3*w + 7. Let u(l) = -l**2 - 13*l - 49. Let v be u(-7). Calculate d(v).
28
Let t(m) = -2*m - 2. Let k be t(-5). Let n = k - 5. Let u(j) = -2*j**3 + 2*j + 0*j**n - 4 + 3. Give u(2).
-13
Let d(j) = -32623*j + 6 + 97879*j - 32625*j - 32632*j. Determine d(7).
-1
Suppose 2*w - 582 = 8*w. Let m = w - -96. Let l(z) = -2*z**3 + z**2 - 1. Determine l(m).
2
Let a(d) = -d**3 + 6*d**2 - 4. Let r(j) = 11*j**2 - 1. Let y be r(-1). Let b(o) = o**2 + 12*o - 72. Let z be b(-18). Let s be 208/z + y/45. What is a(s)?
-4
Let i(y) = 3*y - 44. Suppose -4*n + 60 = -t + 4*t, -92 = -4*n + 5*t. Give i(n).
10
Let c(j) = 32915*j + 32916*j - 2 - 65836*j. Let v(i) = 3*i - 20. Let w be v(6). Calculate c(w).
8
Let f(r) be the first derivative of -r**2 + 4*r - 9625. What is f(-5)?
14
Let m(v) be the first derivative of v**5/20 + 4*v**3/3 + 3*v - 85. Let h(f) be the third derivative of m(f). Calculate h(1).
6
Let i(v) = -133*v**2 + 21 + 122*v**2 - 14*v + v**3 - 3. Suppose 4*h - 2*p = 44, -5*p + 38 = 4*h - 20. Calculate i(h).
-6
Let p(b) be the second derivative of -7*b**4/12 - b**3/6 + b**2/2 + 14*b. Let i be -9 + 0 + (13 - 6). Give p(i).
-25
Let s(a) = 21*a**2 - 9*a - 22. Let z(r) = -4*r**2 + 3*r - 1. Let n(o) = s(o) + 5*z(o). Calculate n(-11).
28
Suppose q + 16 = 5*q. Suppose 5*a + 32 = 3*h, 2*h = -3*a + q + 11. Let d(v) = -13*v - 11. Let l(j) = -36*j - 31. Let o(z) = 11*d(z) - 4*l(z). What is o(h)?
12
Let d be (6/(-12) - -1)*3616. Let w(r) = -1813*r + d*r + 3 - 4*r**2 + 5*r**2. Give w(4).
-1
Let x = -407 - -402. Let b(p) = 7*p + 17. Let q(j) = 36*j + 86. Let z(a) = -16*b(a) + 3*q(a). Let h(v) = 9*v + 29. Let n(d) = x*z(d) - 2*h(d). Calculate n(-9).
-6
Let f(k) = 17*k**3 - 18*k**2 - 10*k + 13. Let x(z) = -40*z**3 + 37*z**2 + 19*z - 25. Let g(s) = 7*f(s) + 3*x(s). What is g(-14)?
2
Let m(x) = -78 - 79 + 2*x + 244 - 85 - 3*x. Let o(g) be the third derivative of -g**3/3 - 2*g**2. Let s(h) = -m(h) + 4*o(h). Determine s(5).
-5
Let o(n) = -4*n. Let w(x) = -6*x - 15*x - 6*x - 5 + 26*x. Let v be w(-8). Suppose 0 = -v*h - 2*u - 8, 4*u - u - 6 = 0. Determine o(h).
16
Let l(f) = f - 1. Suppose -67 = -7*j + 10. Let z = j + -5. Suppose z*h - 2 - 4 = 0. Calculate l(h).
0
Let x(o) = -o - 5. Let c be ((-12)/(-27))/(-2) + (-524)/(-9). Let h = c - 59. Let r = h - 5. Calculate x(r).
1
Suppose 0*j - 4*p = -2*j - 12, -5*j + 5*p = 10. Let u(x) = -3*x - j - x**3 - 3*x**2 - x - 12*x**3 + 12*x**3. Give u(-2).
2
Let c be 2 - (1 - 1)*(-7)/(-35). Let y be 1 + (-3 - -3) + 1. Let v(q) = y*q**c - 14*q - q**2 - 22*q + 44*q + 9. Determine v(-6).
-3
Let a = -2862 + 2850. Let k(w) = w**3 + 10*w**2 - 52*w - 336. Determine k(a).
0
Let o(s) = -4*s + 1. Let x(u) = -3*u + 6. Let m(d) = 2*o(d) + x(d). Calculate m(-2).
30
Let a(p) = -p**3 - 35*p**2 - 129*p - 4515. Let z be a(-35). Let d(q) = -q + 6. Let g be d(5). Let y(m) = g + 2*m - m - 5. What is y(z)?
-4
Let p(b) be the second derivative of 1 - 5/2*b**2 - 1/3*b**3 - 191*b. What is p(-4)?
3
Let t(z) be the first derivative of -z**5/20 - 5*z**4/12 - 5*z**3/6 - z**2/2 - 67*z - 45. Let g(b) be the first derivative of t(b). What is g(-4)?
3
Suppose 106*s - 108*s - 4 = -10. Let v(o) = -2*o**2 + 8*o - 5. What is v(s)?
1
Let n(w) = -3*w**2 + 136*w + 98. Suppose -3*x = -4*c + 166, 60*c - 65*c = -x - 224. Calculate n(c).
6
Let u(j) = j + 1. Let v be u(4). Suppose 0*g - 10 = -v*g. Let i(s) = s - g + 5 + 0 + 0. Give i(3).
6
Let f(c) = 2*c + 15. Let p(q) = 307*q + 1219. Let r be p(-4). What is f(r)?
-3
Suppose -4*v - 5*i + 2585 = 0, -v + 3*i = i - 630. Let m = v + -645. Let r(d) = -d + 5. Calculate r(m).
10
Let x(u) = -25 - 1442499*u - 6*u**2 + 1442520*u + 5. Calculate x(1).
-5
Suppose 5*g = -2*m + 592 - 661, 0 = 4*g + 5*m + 62. Let h(o) = -o**2 - 19*o - 72. Give h(g).
6
Let a = -274 - -344. Let n(u) = 0*u - u + 7*u**2 + u**3 - a + 69. Suppose 4*m + 35 = -m. What is n(m)?
6
Suppose 7*u - 34 = 15. Let k(c) = 13 - 19*c + 13*c + u*c. Determine k(-7).
6
Let h(m) = -17*m**3 - 42*m**2 + 1315*m + 74. Let o(t) = 4*t**3 + 10*t**2 - 328*t - 18. Let g(v) = -3*h(v) - 13*o(v). What is g(16)?
-4
Let q(k) = -4*k**2 + 32*k + 30. Let p be q(9). Let j(f) = f**2 + 2*f - 39. Let c(m) = m**2 - 42. Let u(z) = p*c(z) + 7*j(z). Calculate u(-15).
-6
Let s(b) = -4*b. Let h(f) = f**3 + f**2 + f - 6. Let l be h(0). Let x be s(l). Let k be 2/8 + 18/x. Let q(i) = 8*i**2 - i + 1. Give q(k).
8
Let b(h) = h**3 - 11*h**2 - 23*h + 1. Suppose 2*q - 5*z - 16 = 0, 35 - 17 = 2*q - 4*z. Give b(q).
40
Let m(u) = -u - 1. Let b be (-15)/5 + 3 + 216. Let r = -224 + b. Calculate m(r).
7
Let m(t) = -7*t + 2. Let b(c) = -3*c + 1. Suppose -x - 2*x = -5*h + 17, 0 = -2*h + 2*x + 10. Suppose h = -2*o + 21. Let f(k) = o*b(k) - 4*m(k). Determine f(3).
-4
Suppose 33*c - 1500 = 8*c. Suppose 3*g - 4*o = -94 - 72, 2*o + 4 = 0. Let z = c + g. Let u(x) = x**3 - x**2 + 2*x - 3. Give u(z).
5
Let n = -68 - -90. Let o be (96/44 - 2) + 832/n. Suppose -4*p - o = -18. Let w(m) = m - 3. Calculate w(p).
-8
Let g = 8935 - 8945. Let y(m) = m**2 + 12*m + 21. What is y(g)?
1
Suppose -3*g + 12 = 0, -3*s - s + 24 = 3*g. Suppose -4*w + w - 3*c = -138, -w + 46 = 2*c. Let u(f) = 123 - 6*f + f**2 - 39 - w - 36 + 2*f. What is u(s)?
-1
Let z(i) = i**3 + i**2 - i - 17. Suppose 0 = 3*f - 11*f - 1504. Let n = f + 188. Determine z(n).
-17
Let v(s) = -2*s - 2. Let d(w) = w + 2. Let m be d(-5). Let c be v(m). Let q(u) be the second derivative of u**3/6 - u**2/2 + 1459*u - 2. Determine q(c).
3
Let d(m) = 7*m - 110. Let u = -381 - -396. What is d(u)?
-5
Let g(x) = -x**3 - 6*x**2 + x - 2. Let p(b) be the first derivative of -4*b**2 - 2*b + 20. Let j be p(1). Let y(r) = -r - 16. Let d be y(j). Calculate g(d).
-8
Let b be 5/50*-4*-20. Let z(o) = 0 - o**3 + 10 - 11 + o - 4*o**2 + b*o**2. Let a = 4 - 0. Determine z(a).
3
Suppose -s - 3*l + 11 = 0, -4*s + 11 = -6*l + 7*l. Let t(m) = 11*m**2 - 4. Calculate t(s).
40
Let z(b) = 2*b**3 + 22*b**2 + b + 4. Let v = 774 - 774. Let q(r) = -2*r**3 + r**2 + 2*r - 11. Let x be q(v). What is z(x)?
-7
Let p(f) = -2*f + 3*f + 7*f + 157 + 12*f - 50*f. What is p(5)?
7
Let p(m) be the third derivative of -m**5/6 + m**4/24 + m**3 - 8*m**2. Let a be p(-2). Let d = a - -41. Let l(k) = 3*k - 3. Determine l(d).
12
Let o(f) = 6 - 5 - 13*f**3 - 10*f**3. Let q = -155 - -159. Let z be ((-48)/(-3))/q - 5. Determine o(z).
24
Let p(q) be the second derivative of 2/3*q**3 + 3*q - 3/2*q**2 + 0. Let c(j) = 9*j - 7. Let o(d) = 6*c(d) - 13*p(d). Calculate o(-6).
-15
Let t(b) = 378*b + 2259. Let u be t(-6). Let m(s) = s**2 + 6*s + 2. Give m(u).
29
Let i(w) = 139*w**2 - 2*w + 25. Let o(l) = 14*l**2 - l + 1. Let z(q) = i(q) - 10*o(q). Calculate z(13).
-50
Let d be ((-28)/224)/((-1)/(-8)). Let n(l) = -18*l**2. Determine n(d).
-18
Let w(x) = -x**3 + 12*x**2 + 4*x - 13. Suppose -5 = -5*o, -10*o + 15*o + 43 = 4*z. Determine w(z).
35
Let l(s) be the second derivative of -s**5/12 + s**4/8 + 11*s**3/3 + 52*s. Let p(c) be the second derivative of l(c). Give p(2).
-17
Let v(j) = -25*j - 1. Let g(h) = -5*h - 44. Let i be g(-10). Suppose 4*s = -q - 3, 2*s - i*s = 2*q + 2. Determine v(s).
24
Let n(s) be the first derivative of 2*s**3/3 + 3*s**2/2 - 31*s - 265. Give n(5).
34
Let z(s) = -7*s**2 - 35*s + 4. Let n(h) = 6*h**2 + 28*h - 3. Let x(i) = -5*n(i) - 4*z(i). Let a(p) = -p**2 - 9*p + 2. Let m be a(-9). Determine x(m).
-9
Let y(f) = -12*f + 3*f**2 + 9*f - f - 3*f + 6*f. Let i = 2 + 4. Let v = 8 - i. Give y(v).
10
Let d(g) = -g - 7. Suppose 12*q + 2570 = -3946. Let j = q + 537. Calculate d(j).
-1
Let y(w) be the second derivative of w**3/6 - w**2/2 + w + 6. Let z(b) = b. Let t(i) = y(i) + 5*z(i). Let u be (0/2)/1 + 2. Give t(u).
11
Let k(z) be the first derivative of -1/4*z**4 + 5/2*z**2 - z + 1/3*z**3 + 96. Give k(4).
-29
Let t(z) = z + 1. Suppose -g + 5 = -3*i, -3*i + 4*g = -4 + 15. Let b be (i - -4 - 12)*-1. What is t(b)?
10
Let l be (-4 + 3)/(1/(-5)). Suppose -5*w + 65 = -4*u + 22, -l*u = -3*w + 18. Suppose 0 = -m + w - 9. Let b(x) = -x. Calculate b(m).
-2
Let l(b) be the first derivative of b**3/3 - 5*b**2 + 16*b - 1644. Calculate l(7).
-5
Let a(u) = 